n). Calculate q(t).
-3
Let x(t) = -4*t - 1. Let u = 3 - -6. Let f = u - 6. Suppose 0 = y + f - 5. Calculate x(y).
-9
Let q(i) = -13*i**2 + 13*i**2 - i**2 + 6*i - 4. Give q(4).
4
Let f(w) be the second derivative of w**6/40 + w**5/60 + w**4/24 + w**3/6 - w**2/2 - 3*w. Let c(v) be the first derivative of f(v). Calculate c(-1).
-2
Let r(f) = -2*f + 0 + 0. Let u be r(-2). Let a(t) be the second derivative of t**4/6 - t**3 + 3*t. Determine a(u).
8
Let a(b) = b**2 - 6*b - 1. Suppose 2*t = 6*t - 108. Let y = t + -22. What is a(y)?
-6
Let j(h) = h - 4. Let y(u) = u**3 - 5*u**2 + 5*u + 2. Let c be 1*0/(-3) - -4. Let z be y(c). Determine j(z).
2
Let s(f) = -f**3 - 2*f**2 + 3*f - 1. Let a be s(-3). Let g(w) = 4*w**2 + 0 + 3*w**3 - 1 - 2*w**2. Give g(a).
-2
Suppose 3*j + 1 = -0*f + f, -4*f = -j + 18. Let v(r) = -6*r + r - 2*r - r**2. Calculate v(f).
10
Let m(n) be the third derivative of -n**6/180 + n**5/30 - n**4/12 + n**3/3 + n**2. Let s(a) be the first derivative of m(a). Calculate s(3).
-8
Let b = 8 - 5. Let l(u) = -7*u**2 + 0*u + 3*u - u**b + 4*u**2 + 4. What is l(-3)?
-5
Let f(b) = -5*b**2 - 4*b - 18*b**3 + 2 + 17*b**3 + 3*b**2 + 2*b. Determine f(2).
-18
Let o(m) = 82 + 4*m - 3*m - 44 - 37. Suppose 8 = -4*f + 2*f. Give o(f).
-3
Let p(s) = 5*s - 5 - 5*s + s**2. What is p(0)?
-5
Let g(i) be the first derivative of -i**3/3 - 7*i**2/2 + 4*i + 4. Determine g(-7).
4
Let t(z) = z + 11. Let k = 65 - 77. Give t(k).
-1
Let i(j) = -3*j - 3 + 4 + 0. Determine i(-4).
13
Let j be ((-4)/5)/(10/25). Let a(i) be the second derivative of i**3/3 + i**2/2 + 5*i. Calculate a(j).
-3
Suppose -3*w = -0*q + q - 20, 0 = 2*q - 4. Let r(h) = h**3 - 5*h**2 - 5*h + 6. Determine r(w).
12
Suppose -3*s + 2*z + 12 = -s, 0 = -s + 4*z + 21. Let a(t) = t**3 - 9*t**2 - t + 13. Let p be a(9). Let c(b) = b**2 + 2*b**2 - 3*b + p*b. What is c(s)?
4
Let y(k) be the second derivative of -k**4/12 + 4*k**3/3 + 2*k**2 + 5*k. Let f(l) = 6*l**2 - 41*l - 21. Let q(r) = -2*f(r) - 11*y(r). Give q(-6).
-2
Let f(w) = -7*w + 2*w**3 - w**3 + 5*w**2 - w**2 - 2. What is f(-5)?
8
Let g(c) = 2*c - 3. Let w = 15 + -11. Determine g(w).
5
Let r(t) = -t**3 - t**2 + t + 7. Suppose 6*n - 2*n + 3*i - 19 = 0, 0 = -n + 5*i - 24. Let o be ((-3 - -2) + n)/(-1). What is r(o)?
7
Let v = -12 - -13. Let c be (-1)/v*9/3. Let t(o) = 2*o + 2. What is t(c)?
-4
Let g(b) = 9*b**3 - b**2 - 2*b - 3. Let m(x) = -5*x**3 + x + 1. Let q(s) = 4*g(s) + 7*m(s). Give q(4).
-9
Suppose 0 = -r + 10 - 3. Let l(y) = -y**3 + 3*y**2 + y + 4. Let p(i) = -2*i**3 + 6*i**2 + i + 8. Let k(j) = r*l(j) - 3*p(j). Calculate k(4).
4
Let g be (4/(-6))/(12/(-54)). Let x(i) be the second derivative of i + 2*i**2 + 0 + 1/6*i**g. Give x(-4).
0
Let v(d) be the first derivative of 1/3*d**3 + 3/2*d**2 + 2*d + 1. Determine v(-4).
6
Let d(g) = g**3 - 2*g**2 + 3*g. Let y = 0 - -10. Suppose -4*c - c = -y. Calculate d(c).
6
Suppose -3*k + 7*k + 5*s + 5 = 0, -5*k = 3*s - 10. Let t(y) = -y + 3. Give t(k).
-2
Let z(k) = 3*k + 15. Let r be z(-5). Let d(o) = -2 + r*o**2 + 10*o - 3*o + o**2. Determine d(-6).
-8
Let y be (-2 - 10/(-6))*-6. Let q(c) = 1 + c + 3 - 1 - y. Let p be (-4)/6 + (-4)/(-6). Calculate q(p).
1
Let h(g) = 2*g**2 + 6*g + g**2 - 2 - 4*g**2. Let q be 10/45 - (-4)/(-18). Suppose q = 2*n - 5 - 5. What is h(n)?
3
Let i = -10 - -17. Let m(p) = -14*p + 8*p + 8*p + 1 + i. What is m(-6)?
-4
Let a(o) = -10*o + 4. Let g(j) = j - 1. Let l(q) = a(q) + 6*g(q). Let h be (-2)/(-11) - 140/(-77). Let m be h/(-3) - (-21)/(-9). Determine l(m).
10
Let o(v) = -v**2 - 4*v - 2. Let x(d) = -d**2 - 3*d - 1. Let k(p) = 5*o(p) - 4*x(p). Give k(-4).
10
Let a(p) be the third derivative of -p**6/120 + p**5/20 - p**3/2 - 2*p**2. Let t be a(3). Let n(g) = g + 7. Determine n(t).
4
Let y(j) = 2*j**3 - j**2 + 2*j - 1. Let g be (3 + (-3)/3)/2. Determine y(g).
2
Let r(q) = 3 - 10*q + 2 - 5 - 3. What is r(-2)?
17
Let b(d) = -2*d**3 - 6*d**2 + d + 9. Let o = -3 - -5. Let k(y) = y**3 + 3*y**2 - y - 4. Let m(u) = o*b(u) + 5*k(u). Let c be (1/(3/12))/(-1). What is m(c)?
-6
Let u(a) be the first derivative of a**2 - a + 3 + 1/3*a**3. What is u(-2)?
-1
Let b(p) = -6 + 0 + p - 2 - 2. Let i be 0/(0 - (-6)/3). Let z = 5 - i. Determine b(z).
-5
Let y(q) = -7*q**2 - 12*q - 8. Let x(t) = 11*t**2 + 18*t + 11. Let j(v) = 5*x(v) + 8*y(v). Determine j(-9).
-36
Let i(j) = 3*j + 4. Suppose q - 6 = -2*l - 2*q, 5*l = -5*q + 10. Suppose l = 5*s - 0*s - 5*v, 4*v - 9 = s. What is i(s)?
13
Let o(n) = n**2 + n + 5. Let t be 3*(-2)/(-6) - 1. What is o(t)?
5
Let w(r) = 3*r**3 + r**2 + r - 1. Suppose -x = -3*x + 2. Determine w(x).
4
Suppose -5*i - t + 12 = -14, -2*i - 4*t = -14. Let d(o) = o**2 - 5*o + 7. What is d(i)?
7
Let a(q) = -4*q**3 - 3*q**2 + 2*q - 3. Let n(b) = 9*b**3 + 7*b**2 - 5*b + 7. Let h(o) = 7*a(o) + 3*n(o). Give h(-1).
2
Let k(a) = -5*a + 3. Let i be (-10)/(-7) + 93/(-21) + 5. Give k(i).
-7
Let g be (-84)/(-10) + (-4)/10. Suppose 0*o + g = 2*o. Suppose o*z - 6 = 2*p, 2*p + 4 = -2. Let s(a) = a**3 + a**2 - a + 4. Give s(z).
4
Let f(z) = 2*z - 3 + 4*z + z**2 + 1. Let a(l) = l**2 - 8*l + 1. Let c be a(7). Let x = c - -1. Give f(x).
-7
Let k(s) be the second derivative of -s**4/24 - s**3/6 + 5*s**2/2 - 3*s. Let l(f) be the first derivative of k(f). Give l(5).
-6
Let z(w) be the first derivative of w**4/4 - 7*w**3/3 + 3*w**2 - w + 2. Determine z(6).
-1
Let v(k) = -k**3 + 7*k**2 - 6*k + 3. Let r = -4 - -10. Let a be v(r). Let q(z) = z**3 - z**2 - 2*z - 2. Determine q(a).
10
Let j(z) = 4*z - 1. Let c be (3/2)/(9/6). Determine j(c).
3
Let k(m) = 2*m - 8. Let z be k(4). Let d(t) = t + 7. Determine d(z).
7
Let v(y) = -y**2 + 8*y - 6. Let f be v(7). Let d be 6*(f - 4/6). Let g(t) = 3*t - 4 + 6*t**d - 5*t - 4*t**2 + 1. Calculate g(-2).
9
Let w(i) = -3*i**3 - 9*i**2 - 7*i + 2. Let q(l) = l**3 + l**2. Let m(t) = -4*q(t) - w(t). Calculate m(6).
4
Suppose -p - 4*f + 4 = 0, 4*f = -3*p + 7*f + 12. Suppose -4*w + 24 = 3*q - 6*q, -2*w = -p*q - 22. Let x(m) = -1 - 2 + 0*m**2 - 2*m**2 + 5*m. Give x(w).
-6
Let c(b) = -b**2 - 7*b + 7. Suppose 0 = 5*n + 17 + 18. Determine c(n).
7
Suppose n + n = -d + 8, 0 = -5*d - 5*n + 20. Suppose 9 = 3*l + q - 4, 0 = -3*l - 2*q + 17. Let m(w) = 4 - l*w**3 + 2*w**3 - 8 + 0*w**3. Determine m(d).
-4
Let h(x) = x**3 + 2*x - 1. Let r be (-1)/(-2)*-1*(28 - 24). Determine h(r).
-13
Let a(j) = -j - 1. Let n(u) = u + 1. Let t(s) = 6*a(s) + 5*n(s). Suppose 0 = -5*c + 25, 3*z - 58 = c - 0*c. Suppose -4*g - g + z = -f, -f = g - 3. What is t(g)?
-5
Let v(q) = -10*q - 3. Suppose 4*k = -5 - 3. Give v(k).
17
Suppose -112 = -4*g + 140. Let q(t) = -4*t - 57*t**2 - t**3 + 6 - 2*t + g*t**2. Give q(5).
1
Suppose -3 = -x - 0. Let d(t) = 2*t**3 - 3*t**3 - 2*t**2 - x*t + 2*t**3. Let f(k) = -k**3 - 5*k**2 - 2*k - 7. Let u be f(-5). What is d(u)?
0
Suppose -2*m = 2*c - 16, 13 = c - 2*m - 2*m. Suppose j - w - 3 = -0*w, 5*w + c = 2*j. Let b(l) = -5*l**j + 3 - 3 + l. What is b(1)?
-4
Let u = -11 - 1. Let j = 7 + u. Let k(q) = q - 3. What is k(j)?
-8
Let q(w) = 30*w. Let f(a) = a. Let g(z) = 25*f(z) - q(z). Let r(s) = 2*s. Let m(k) = 4*g(k) + 11*r(k). Calculate m(5).
10
Let c(t) = 6*t**3 + t**2 + t. Suppose 3*s + 3 + 3 = 0. Let j = 1 + s. What is c(j)?
-6
Let l(y) = -y**2 + 3*y - 3. Let f(q) = q**2 - 2*q + 2. Let i(k) = -6*f(k) - 5*l(k). What is i(-3)?
3
Let p(d) be the third derivative of -d**5/30 - d**3/6 - d**2. Give p(1).
-3
Let x be 12/(-3)*(1 - 0). Let w(z) be the third derivative of -z**6/120 - z**5/15 + z**3/2 + z**2. Determine w(x).
3
Suppose 0 = 4*g - g. Let s(n) = -n**2 - n - 1. Determine s(g).
-1
Let c(d) be the second derivative of 5/2*d**2 - 5/6*d**3 - 2*d + 1/12*d**4 + 0. Give c(4).
1
Let d(g) = g**2 - g - 1. Let b be d(-4). Suppose -b = 2*f - 3. Let o = f + 2. Let m(c) = c**2 + 6*c - 6. Determine m(o).
-6
Let l(f) be the third derivative of f**5/60 - 5*f**4/24 + 2*f**3/3 + 4*f**2. Let n(u) be the first derivative of l(u). Calculate n(5).
5
Let s(f) = f**2 + 5*f + 4. Suppose 2*q - 3 + 15 = 0. Determine s(q).
10
Let y(v) be the first derivative of -3*v**2/2 - 4*v + 2. Let p be ((-15)/(-25))/((-1)/5). Determine y(p).
5
Let n = 1 + 0. Let o(r) = 3*r**3 + r**2 + 2*r + 1. Let i(q) = 3*q**3 + q**2 + q + 1. Let d(t) = 3*i(t) - 2*o(t). What is d(n)?
4
Let z = -1 - -1. Let k(s) be the second derivative of -s**4/